?
False
Is 183418817 a prime number?
True
Is 3647579 composite?
True
Is 157492585 prime?
False
Is 1460111 composite?
False
Is 248047871 a composite number?
True
Is 9795481 composite?
False
Is 962969 a prime number?
False
Is 50349473 composite?
False
Is 8173463 prime?
False
Is 7108669 a composite number?
True
Is 1269091 prime?
True
Is 91195331 prime?
True
Is 1652857 prime?
False
Is 763967 composite?
False
Is 57049193 composite?
False
Is 20061605 prime?
False
Is 3177457 composite?
False
Is 282039203 a prime number?
False
Is 32699243 prime?
True
Is 824548271 composite?
True
Is 1290533 composite?
False
Is 674909 composite?
True
Is 2922779 composite?
False
Is 334127 a prime number?
True
Is 1815043 composite?
False
Is 20500511 composite?
False
Is 49297 prime?
True
Is 406013 prime?
True
Is 2967317 a composite number?
False
Is 2208273 prime?
False
Is 840439 a composite number?
False
Is 8958421 a composite number?
True
Is 2015717 composite?
True
Is 31068121 prime?
False
Is 1646017 a prime number?
True
Is 10238161 a composite number?
True
Is 24655889 composite?
False
Is 275000237 prime?
False
Is 483173899 composite?
True
Is 3745693 a prime number?
False
Is 6222743 a composite number?
False
Is 68155121 a prime number?
True
Is 573133 prime?
False
Is 167573621 a prime number?
True
Is 12836693 prime?
True
Is 1451761 composite?
True
Is 8987689 composite?
False
Is 7668587 a composite number?
False
Is 1254721 a prime number?
False
Is 1616291 a prime number?
True
Is 74932421 prime?
False
Is 6491553 prime?
False
Is 13768373 a composite number?
False
Is 6218561 a composite number?
True
Is 22202519 a prime number?
True
Is 6143279 a composite number?
False
Is 13143209 a composite number?
True
Is 3237937 composite?
True
Is 7683967 composite?
False
Is 3135641 prime?
True
Is 320982209 composite?
True
Is 19502447 a composite number?
False
Is 12195847 a composite number?
False
Is 102339923 a composite number?
True
Is 38116411 a prime number?
False
Is 1631743 a prime number?
False
Is 5956337 a composite number?
False
Is 882842369 a composite number?
False
Is 11857751 composite?
False
Is 8441701 composite?
False
Is 118750349 a prime number?
True
Is 12370801 prime?
True
Is 26241709 prime?
False
Is 3446723 composite?
True
Is 63839827 composite?
False
Is 2533963 a composite number?
False
Is 3450197 a prime number?
True
Is 156291757 a prime number?
False
Is 456062183 prime?
True
Is 19006081 prime?
True
Is 12677711 a prime number?
True
Is 39861713 a prime number?
True
Is 81998843 prime?
True
Is 3352046 composite?
True
Is 2532521 prime?
True
Is 1848881 a prime number?
False
Is 5494157 a composite number?
False
Is 71939537 a prime number?
True
Is 13980047 prime?
True
Is 130188757 a composite number?
False
Is 70037257 a prime number?
True
Is 9177679 prime?
False
Is 329641117 composite?
True
Is 111614927 a prime number?
True
Is 18848729 prime?
True
Is 11107247 composite?
False
Is 2726657 composite?
False
Is 118250131 composite?
False
Is 252978677 composite?
True
Is 41038313 a composite number?
False
Is 350891 a prime number?
True
Is 1541 a prime number?
False
Is 14369609 composite?
False
Is 11669557 prime?
True
Is 4844569 a prime number?
False
Is 491507 composite?
True
Is 2757817 composite?
False
Is 166781189 composite?
True
Is 2322833 a composite number?
True
Is 11652983 composite?
True
Is 21044995 a prime number?
False
Is 1554121 a composite number?
True
Is 5460331 composite?
False
Is 26589659 composite?
False
Is 9766417 a composite number?
True
Is 8728127 composite?
True
Is 1316479 prime?
True
Is 31300583 a prime number?
True
Is 3347447 a prime number?
True
Is 12191027 a prime number?
False
Is 12491131 composite?
False
Is 22054531 a composite number?
False
Is 21085739 prime?
True
Is 13356155 composite?
True
Is 148861709 a composite number?
False
Is 91803423 prime?
False
Is 675559 a composite number?
False
Is 133778621 prime?
True
Is 4734833 a composite number?
False
Is 20129311 prime?
True
Is 152879 prime?
True
Is 828769577 composite?
False
Is 31887863 prime?
False
Is 19004063 a composite number?
True
Is 579889 composite?
True
Is 9969793 a prime number?
True
Is 956801 a composite number?
False
Is 3201103 composite?
False
Is 124176883 prime?
False
Is 17928041 prime?
True
Is 41860153 composite?
False
Is 50557331 composite?
True
Is 165698821 prime?
False
Is 138965279 composite?
True
Is 90758407 composite?
True
Is 185837609 composite?
False
Is 19279789 prime?
False
Is 2066453 composite?
True
Is 75889007 composite?
False
Is 34271263 composite?
True
Is 13820161 a composite number?
False
Is 729053 composite?
True
Is 1201687 composite?
False
Is 77042839 a prime number?
False
Is 55601123 a prime number?
True
Is 3486317 a prime number?
False
Is 1429982 a prime number?
False
Is 11326891 composite?
True
Is 2754429 a composite number?
True
Is 39946723 prime?
True
Is 197093 a composite number?
True
Is 84706441 a composite number?
False
Is 38800889 composite?
False
Is 180871901 a prime number?
False
Is 1215197 a composite number?
False
Is 8749309 a prime number?
True
Is 10067101 a prime number?
False
Is 3073183 prime?
False
Is 403964615 a composite number?
True
Is 25433777 prime?
True
Is 5611249 prime?
False
Is 45950399 prime?
False
Is 34337431 prime?
True
Is 14530657 a prime number?
True
Is 25316435 a prime number?
False
Is 5586773 a composite number?
True
Is 139518287 a prime number?
False
Is 280183 a prime number?
True
Is 916241 composite?
True
Is 5847005 composite?
True
Is 9936673 a prime number?
True
Is 18403727 prime?
True
Is 21931439 composite?
False
Is 10159663 prime?
True
Is 7988209 prime?
False
Is 697573 a composite number?
True
Is 2652709 composite?
False
Is 807017 a composite number?
False
Is 175340591 a prime number?
False
Is 3175847 composite?
False
Is 453049 composite?
True
Is 1568863 a composite number?
True
Is 75187531 composite?
True
Is 9339023 a prime number?
True
Is 18960031 prime?
True
Is 45869981 a composite number?
True
Is 3701533 a composite number?
True
Is 224672977 a prime number?
False
Is 277531 prime?
True
Is 477361847 a prime number?
True
Is 193315679 composite?
False
Is 23614373 a prime number?
False
Is 4023083 a composite number?
True
Is 939089 a prime number?
True
Is 208320857 composite?
False
Is 16817839 a composite number?
False
Is 11617751 a composite number?
False
Is 11872229 prime?
False
Is 76079257 composite?
True
Is 24877262 composite?
True
Is 1755209 prime?
True
Is 28517429 prime?
True
Is 219277147 composite?
True
Is 328035871 prime?
True
Is 1505431 a composite number?
False
Is 1779671 a prime number?
False
Is 52891651 a composite number?
True
Is 35570057 a prime number?
True
Is 18262723 prime?
True
Is 33623833 a composite number?
False
Is 2603537 composite?
False
Is 122790821 a composite number?
False
Is 691181 composite?
False
Is 14817221 a composite number?
True
Is 6530411 a prime number?
False
Is 3146131 a prime number?
True
Is 628247 a composite number?
True
Is 54800773 prime?
True
Is 2679089 a prime number?
False
Is 8582921 a composite number?
False
Is 569237 a prime number?
True
Is 900559 prime?
False
Is 2014459 a composite number?
False
Is 54084353 a prime number?
True
Is 78699911 a composite number?
False
Is 108167269 a prime number?
False
Is 26798599 composite?
True
Is 158418263 composite?
False
Is 17628931 composite?
True
Is 1638797 prime?
True
Is 69991 a composite number?
False
Is 185346559 prime?
False
Is 114348449 a prime number?
True
Is 283656481 a composite number?
False
Is 18879577 a composite number?
False
Is 37542997 a prime number?
True
Is 172718309 composite?
False
Is 753827 a composite number?
True
Is 39583637 composite?
True
Is 546937 composite?
False
Is 2004743 a prime number?
False
Is 52692065 a prime number?
False
Is 2335513 a prime number?
False
Is 3763811 a prime number?
True
Is 13216843 a prime number?
True
Is 2087479 prime?
False
Is 3653519 a prime number?
False
Is 70676315 a composite number?
True
Is 2248837 prime?
True
Is 40471661 a prime number?
True
Is 269099 composite?
True
Is 256799 a composite number?
False
Is 45460733 a prime number?
True
Is 55951537 a composite number?
False
Is 198536033 composite?
False
Is 413047 a prime number?
False
Is 11123059 prime?
False
Is 169142977 prime?
True
Is 4490977 prime?
True
Is